n**3 - n + 2. List the prime factors of d(k).
2
Let f(x) = 25*x - 10. Suppose -5*u = p - 15, -4*p + 3*u = 3 - 17. List the prime factors of f(p).
5, 23
Suppose -16*b = -10*b. Let n(q) = -q**3 - q**2 + 51. List the prime factors of n(b).
3, 17
Let a(v) = v. Let s(l) = -l**3 - 8*l**2 + 15*l + 6. Let c(f) = a(f) - s(f). What are the prime factors of c(-9)?
3, 13
Let g be (-6)/(-18) - ((-28)/6 + 0). Suppose 0 = -3*b + g*p + 475, -5*b - 2*p + 616 = -b. What are the prime factors of b?
5, 31
Let p = 58 + 966. What are the prime factors of p?
2
Suppose 12*j = 9*j - 15. Let i(b) = -3*b + 36. What are the prime factors of i(j)?
3, 17
Let m(v) = v**3 + 6*v**2 - 3*v + 3. Suppose 5*x + 12 = 3*x - 3*c, 2*x - 2*c = -12. What are the prime factors of m(x)?
3, 7
Suppose -j + 7*a - 9 = 3*a, -4*a + 15 = j. Suppose 3*d + 3*t - 210 = 0, j*t = 3*d - 125 - 67. List the prime factors of d.
67
List the prime factors of -4 + (-16)/8*(-4138)/4.
5, 7, 59
Let i(h) = 2*h**2 + 10*h + 15. Let c = 91 + -99. List the prime factors of i(c).
3, 7
Let o(p) be the third derivative of p**6/120 - p**5/15 - p**4/8 - 7*p**3/6 + 36*p**2. What are the prime factors of o(7)?
7, 17
Let i be (-55)/(-3) + (-2)/6. Suppose 0 = -5*o + i + 7. Suppose -l + 4*l = -5*t + 268, -5*t + o*l = -260. List the prime factors of t.
53
List the prime factors of (-8)/72 - 36400/(-36).
3, 337
Suppose -2*x + 18 = x. Suppose -x*v = -5*v - 2. Suppose 0 = 4*c - 4*y + 12 - 60, v*c - 4*y = 28. What are the prime factors of c?
2, 5
Let d(i) be the second derivative of -i**5/20 - 11*i**4/12 - i**3 - 10*i**2 - 6*i. List the prime factors of d(-11).
2, 23
Let l(w) = 17*w - 10. Let s(y) = -16*y - 18. Let u be s(-2). List the prime factors of l(u).
2, 3, 19
List the prime factors of 105 - (0/4)/4.
3, 5, 7
Suppose b = 3 + 6. Suppose -3*v - 3*u + 18 = 0, -4*u = -5*v + 4*v - b. Suppose -v*o + 47 = 2*f, -5*f - 5*o + 138 - 18 = 0. List the prime factors of f.
5
Suppose 0*v = 9*v - 3015. List the prime factors of v.
5, 67
List the prime factors of ((-36)/28 + 3)/(2/84).
2, 3
Let n(o) = 5*o**2 + 3*o - 9. What are the prime factors of n(7)?
257
Suppose -4*m + 214 = -h - 79, -215 = -3*m - 4*h. Let s = m - 54. List the prime factors of s.
19
Let b(x) = 6*x**2 + 4*x + 3. Let k(l) = l**3 - 4*l**2 - 5*l - 2. Let i be k(5). Let y be b(i). Let v = 36 - y. What are the prime factors of v?
17
Let y(l) = 2*l**2 + 2. Let s be y(2). Let f be (408/(-60))/((-2)/s). What are the prime factors of 3 + (f - (1 - 3))?
3, 13
Let r(m) = m**2 + 17*m - 12. Let w be (80/24)/(1/(-6)). List the prime factors of r(w).
2, 3
Suppose -31*c = -23081 + 2559. What are the prime factors of c?
2, 331
Suppose 6*b = 22*b - 3792. What are the prime factors of b?
3, 79
Suppose 6*s - 393 + 2025 = 0. Let n = s - -467. What are the prime factors of n?
3, 5, 13
Let q = 823 - 251. Suppose 5*i = -3*p + q + 108, -2*i = 2*p - 276. What are the prime factors of i?
7, 19
Suppose 3*c = i - 13 - 40, -5*c - 102 = -2*i. What are the prime factors of i?
41
Let b be (-2 - -1*12)*-2. Suppose -5*z - 8*z - 364 = 0. Let c = b - z. List the prime factors of c.
2
Let p be (-2)/(3*2/5100). List the prime factors of p/(-28) - 4*3/(-42).
61
Let o(s) = 54*s**2 + 4*s - 14. Let f be o(2). Suppose -f = -3*v - 0*k - 3*k, -4*k - 182 = -3*v. List the prime factors of v.
2, 3, 11
Let j be 3/(-1) + (2 - 6). List the prime factors of (38/(-8))/(j/168).
2, 3, 19
Let r(h) be the second derivative of h**4/6 + h**3/3 + 243*h**2/2 + 11*h. What are the prime factors of r(0)?
3
Let v(m) = m**3 + 8*m**2 - 2*m. Let u be v(-8). Let l = u - 7. Suppose -l*f + 4*f + 95 = -5*c, -f - 3*c = -11. What are the prime factors of f?
17
Let n(d) = -56*d**2 + 6*d + 10. Let y(f) = f**2 - f + 1. Let z(s) = -n(s) - 2*y(s). What are the prime factors of z(-2)?
2, 53
Suppose -s + 37 = -4*u + 2, -2*u = 4*s - 122. Let q = -9 + s. List the prime factors of q.
2, 11
Let q(m) = 164*m - 146. What are the prime factors of q(8)?
2, 11, 53
Let v(o) = -2*o - 10. Let b be v(-7). Suppose 0 = 4*u - b*a - 40, -4*a = -2*u - a + 19. What are the prime factors of u?
11
Let x(b) be the first derivative of b**4/4 - 2*b**3/3 - 4*b**2 - 12*b + 24. What are the prime factors of x(6)?
2, 3, 7
Let u be 8 - (-2)/(-4 + 2). Let y(h) be the first derivative of h**3/3 - h**2 - h - 1. What are the prime factors of y(u)?
2, 17
Let y(j) = -283*j - 266. What are the prime factors of y(-7)?
5, 7
Let x = 16 + -18. Let h = 2 - x. Suppose 0 = 2*a - 6*a - 3*y + 149, h*y = a - 61. List the prime factors of a.
41
Suppose -115 = 2*k - 275. List the prime factors of k.
2, 5
List the prime factors of ((-2)/10)/((-2)/5)*2966.
1483
Suppose 90 = 4*p - p. Let i = p + -28. Suppose 264 = 4*f + i*f. List the prime factors of f.
2, 11
Let g = 69 + 446. List the prime factors of g.
5, 103
Let j be (-1)/3 + 5990/15. Suppose 106 = -4*w - 5*k + j, -k = w - 72. List the prime factors of w.
67
Let u(b) = -b**2 - 13*b - 22. Let d be u(-10). List the prime factors of (-26)/d*((5 - 11) + -10).
2, 13
Suppose -10*w - 15 = -15*w. List the prime factors of (5/5 - w) + 21.
19
Suppose -452 = -2*f + 374. List the prime factors of f.
7, 59
Let i = -66 - -47. Let v = i + 132. List the prime factors of v.
113
Suppose 0 = -2*p - 5*l - 6, -l + 4 = 6*p - 3*p. Suppose 0 = -0*w - p*w + 20. Suppose -w*u = -3*u - 336. What are the prime factors of u?
2, 3
Suppose 61*g - 69*g = -20392. List the prime factors of g.
2549
Let o(b) = 8*b**2 + 22*b + 36. List the prime factors of o(20).
2, 919
What are the prime factors of ((-3)/(108/15816))/(1/(-6))?
2, 659
Let q(p) = 4*p - 19. Let s be q(5). What are the prime factors of (2 - (1 + s)) + 1035/15?
3, 23
Let d = 1914 - 1083. Suppose 7*q = d - 54. What are the prime factors of q?
3, 37
Let k = 553 - 429. What are the prime factors of k?
2, 31
Suppose -30*m + 27*m = -4*i - 3350, 0 = 3*m + 5*i - 3305. What are the prime factors of m?
2, 3, 5, 37
Suppose 2411 = 6*t - 3*t + 2*m, -2*m = 4*t - 3218. What are the prime factors of t?
3, 269
Let g(n) = 38*n + 9. Let q be g(-4). Let d = 169 + q. What are the prime factors of d?
2, 13
Suppose -6*o = 1698 - 594. Let p = -129 - o. What are the prime factors of p?
5, 11
Let y(d) = -d**3 - 5*d**2 + 8*d + 4. Suppose 2*u + 54 = 40. List the prime factors of y(u).
2, 23
Suppose 11*p - 4 = 9*p. Let l be (-3 + p)/((-5)/35). Suppose -12 = l*o - 3*o, 3*o = -5*b + 81. List the prime factors of b.
2, 3
Let d(u) = -61*u - 83. List the prime factors of d(-9).
2, 233
Let y(b) = -10*b - 8. Let d be y(9). Let w be 1 - 0 - (d - 4). Suppose v - 16 = -4*c + c, 3*v - w = 2*c. List the prime factors of v.
31
Suppose 3*s - 1473 = 3*y, 982 = 2*s + 9*y - 8*y. List the prime factors of s.
491
Let b = -21 + 21. Suppose 0 = 5*z - 4*s - 105, b*s + 2*s = z - 21. What are the prime factors of z?
3, 7
Suppose 3*b - 167 = -2*t, 0 = 2*t - 4*t + 2*b + 182. Let v = -37 + 38. List the prime factors of v - t/(-6)*3.
3, 5
Let q(v) = v**2 - 3*v + 3. Let s be q(3). Suppose -4*c + 49 = s*x, -4*c - 21 = -2*x + 25. Suppose -5*u + 104 - x = 0. List the prime factors of u.
17
Let h(v) = -45*v - 21. List the prime factors of h(-9).
2, 3
Suppose 0 = 3*t - 5*w - 272, 3*t - t = w + 193. Let z = t - 44. List the prime factors of z.
5, 11
Let s be 0/(1 - (8 - 4)). Suppose j = -s*j + 82. List the prime factors of j.
2, 41
Suppose 0 = -67*y + 28*y + 31473. What are the prime factors of y?
3, 269
Suppose 34*s - 82821 + 2139 = 0. List the prime factors of s.
3, 7, 113
Let l(s) = 3*s**3 + 4*s**2 - 7*s + 15. What are the prime factors of l(5)?
5, 7, 13
Let n = 12 + -13. List the prime factors of (-3)/n - 1184/(-16).
7, 11
Suppose -5*q + 14 = -11. List the prime factors of 15/(3 - 14/q).
3, 5
Let y = 6 - 3. Suppose -y*w + 6 = -w. Suppose 0 = -w*k + k - 4, s - 10 = -2*k. What are the prime factors of s?
2, 7
Let g = 566 - 371. Suppose 0 = -2*j + g - 45. List the prime factors of j.
3, 5
Let p = -71 + 126. Suppose 42*r = 37*r + p. What are the prime factors of r?
11
Suppose -4*s - 6*b + 626 = -b, 3*s - 464 = -b. Let f = s - 86. List the prime factors of f.
2, 17
Let n(k) = -2*k**2 - 2. Let v(d) = -d**2 + 1. Let w(r) = -n(r) + 3*v(r). Let h be w(-5). Let j = h - -36. What are the prime factors of j?
2
Suppose -14 = 5*g + 6, 3*r - 1103 = -g. Suppose -5*n = 4*m - r, -4*m = -4*n - 